00.
188
Suppose 19*h = 8*h - 11. Let n be (7/(-7))/((-1)/40*h). What is the remainder when 181 is divided by (736/n)/(2 - 12/5)?
43
Suppose -20*i = -753 - 27. Suppose c = 57 - i. Calculate the remainder when 105 is divided by c.
15
Let d(l) = -29*l + 255. Let t be d(7). Suppose -51*u - 35 = -t*u. Calculate the remainder when u is divided by 7.
0
Suppose 0 = -53*x + 49*x - 200. Let t be (-4 - -1)/(-6*(-5)/x). Suppose -s = -v + 40, v + s - 35 + t = 0. Calculate the remainder when v is divided by 9.
8
Let w(t) = t**3 - 2*t**2 + 5*t. Let i be w(4). Suppose 15*f = 291 - 441. Let b = f + i. Calculate the remainder when b is divided by 22.
20
Let b be 6*5/(-60)*2/(-1). Calculate the remainder when 138 is divided by ((-18)/3)/(b/(-7)).
12
Let j = -4121 - -4144. Suppose 4*d - 2 = 2. Calculate the remainder when j is divided by d.
0
Let c be (-25)/5*(-2)/5. Suppose c*i - p - 21 = 0, 5*i - 2*i - 4*p = 29. What is the remainder when -3*((-22)/3 - -5) + 13 is divided by i?
9
Let y = 3802 + -3733. What is the remainder when 413 is divided by y?
68
Let w = -2733 - -2876. Calculate the remainder when 1136 is divided by w.
135
Suppose -4*c + 2*m = -7*c + 3080, -4*c - m = -4115. Calculate the remainder when c is divided by 9.
4
Suppose 3*i + i + 8 = 5*g, 0 = 3*g - 4*i. Suppose g*t - 363 = 753. Suppose 0*u + 9*u = t. Calculate the remainder when u is divided by 18.
13
Suppose 0 = -50*m + 1799 + 1601. What is the remainder when 2031 is divided by m?
59
Let z = -101 - -153. Let v = 221 - z. Suppose -n - 170 = -6*n. What is the remainder when v is divided by n?
33
Suppose -5*n - f - 953 + 3016 = 0, 0 = 4*n + 4*f - 1644. What is the remainder when n is divided by 112?
77
Let f(a) = 14*a**2 - 5*a - 149. Calculate the remainder when 482 is divided by f(-4).
7
Suppose 4*p = 3*t + p - 177, -2*p = 4*t - 218. Calculate the remainder when -1*1*(-226 - -3) is divided by t.
55
Suppose 8*p = -340 + 380. Suppose 2*k + p*s - 121 = 0, -4*k - 5*s + 234 = -3*s. Calculate the remainder when k is divided by 1 + (-1)/1 - -31.
27
Let a = -11238 + 11400. Calculate the remainder when a is divided by 51.
9
Suppose -98*h + 1709 + 2139 - 222 = 0. What is the remainder when h is divided by 37?
0
Let r be 0/(5/(-5)) - 0. Suppose -5*b + 25 = 3*f, r = f - 3*f. Suppose 20 = 5*w - 0*w, 3*c + b*w = 68. Calculate the remainder when 59 is divided by c.
11
Suppose 0 = o + 3*b - 25, 4 = 2*o - b - 53. Let u = 6 + 11. Let w = u + 64. What is the remainder when w is divided by o?
25
Let u(g) = 31*g**2 + 6*g + 24. Let c = -140 - -137. What is the remainder when u(c) is divided by 32?
29
Let f(k) be the second derivative of 17*k**3/3 - 101*k**2/2 + 4*k + 19. What is the remainder when f(4) is divided by 21?
14
Suppose 43*d - 184885 + 48842 = 78570. What is the remainder when d is divided by 11?
8
Suppose 815 = 28*z + 31. Calculate the remainder when 257 is divided by z.
5
Let c = -1318 + 1337. Let y(k) be the third derivative of k**5/20 + k**4/12 - 2*k**3/3 - 3*k**2. What is the remainder when y(-4) is divided by c?
17
Calculate the remainder when 294 is divided by -16 - (6 + -23 - 147).
146
Let q(y) = 144*y - 1171. What is the remainder when q(25) is divided by 45?
44
Let h(u) = 12*u**2 - 53*u - 284. Calculate the remainder when h(14) is divided by 49.
3
Let f(a) = a**3 - 5*a**2 - 3*a - 64. What is the remainder when 16690 is divided by f(7)?
11
Suppose -z + 39 = -31. Calculate the remainder when z is divided by 2*19*3/6.
13
Let g = 53825 + -53782. Suppose 0 = -7*w + 2*w - 2*b + 827, 0 = 5*w + 3*b - 823. Calculate the remainder when w is divided by g.
38
Suppose -12*z = -43 - 5. Suppose 5*g + z*r = 144, 5*g + 2*r = -r + 143. Calculate the remainder when 83 is divided by g.
27
Let g(w) = w**2 + 14*w - 11. Let n be 628/3 + 8/12. Calculate the remainder when g(-18) is divided by 5/2*n/25.
19
Suppose 5*u - 294 = -0*u + 4*f, u = -4*f + 78. Let v(k) = k**3 + 4*k. Let y be v(3). Suppose -41*s = -y*s - u. What is the remainder when 59 is divided by s?
28
Suppose -3*o - 9 = -5*g - 47, 0 = 5*o + 5*g - 90. Let y = -161 + 161. Calculate the remainder when 48 + 13 - (-3)/6*y is divided by o.
13
Let w = 26 - 130. What is the remainder when 129 is divided by (45/(-180))/(2/w)?
12
Suppose 0 = 5*b - 0*b + 325. Let v = 102 + b. Let p = -1566 + 1580. Calculate the remainder when v is divided by p.
9
Suppose -39 = -d - 2*g - 0*g, -99 = -3*d + 3*g. Let h = 520 - 385. Calculate the remainder when h is divided by d.
30
Let a(l) be the third derivative of l**5/20 + 25*l**4/12 + 2*l**3 + 4*l**2. What is the remainder when 131 is divided by a(-17)?
15
Let s be 1/6 - (-142)/12. Let i be 2*(s/4)/(-6). Calculate the remainder when 216/(i + 3) - 3 is divided by 27.
24
Calculate the remainder when (-2274)/(-30) + 1/5 is divided by 464/(-116)*-4*(2 - 1).
12
Suppose -16 = -4*h + n + 4, 3*n = -12. Let f(x) = -x + 8. Let r be f(3). Suppose 0 = -r*z - 10 + 55. What is the remainder when z is divided by h?
1
Let h(s) = 10*s**2 - 267*s - 796. What is the remainder when h(-3) is divided by 45?
5
Let m be ((-42)/(-66))/(-7) + (-815)/(-11). Suppose -m*s = -70*s - 872. Calculate the remainder when s is divided by 55.
53
Suppose -3*l = -4*h - 92, 27 = l + 3*h - 8. Calculate the remainder when 7 - (-1830)/10*1 is divided by l.
30
Let z(t) be the first derivative of 5*t**3/3 - 11*t**2/2 - 39*t - 94. Calculate the remainder when z(-3) is divided by 7.
4
Let i = -11706 - -11721. What is the remainder when 1062 is divided by i?
12
Suppose -5*d + 184 - 85 = -2*c, -c = 5*d - 123. What is the remainder when 1729 is divided by d?
4
Let l(o) = -23*o + 59. Let s be l(-9). Suppose -3*p = 16*p - s. Calculate the remainder when 572 is divided by p.
12
Let r = 92 - 89. Suppose -3*w + r*y = -96, -4*w + 88 = y - 20. Suppose -22*a = -w*a + 180. What is the remainder when 53 is divided by a?
23
Calculate the remainder when -206*-20*11/88 is divided by 65.
60
Suppose r - 42 = 84. Let p = r + -41. Suppose p*m = 84*m + 6. What is the remainder when 26 is divided by m?
2
Let k = 4707 + -4674. Calculate the remainder when 1381 is divided by k.
28
Let s = -161 - -191. Let t be 0/1*8/(-16). Suppose -c + 6 + 3 = t. What is the remainder when s is divided by c?
3
Suppose -3*d = 15, -n + 64 = -2*d + 34. What is the remainder when 406 is divided by n?
6
Let g = -288 - -292. Suppose 2*q = 4*h - 140, 2*q + 138 = g*h - q. Calculate the remainder when 69 is divided by h.
33
Let n = -67 - -70. Suppose -b = -5*y + 5, -8*b + 3*b = -n*y + 25. Suppose -7*z - 14 + 203 = y. What is the remainder when 78 is divided by z?
24
Let i = 27517 - 22632. What is the remainder when i is divided by 153?
142
Let r be 18 + (-7 + 3 - -7). Suppose -6 + r = 3*f. Calculate the remainder when 204 is divided by f.
4
Suppose o - 23*q = -27*q + 307, o = -3*q + 310. Calculate the remainder when o is divided by 88.
55
Suppose -11108 = -21*l + 10*l - 5*z, 0 = 5*l + z - 5044. What is the remainder when l is divided by 336?
0
Let c = 138 - 114. Suppose 7*q = c + 18. Suppose j + 131 = q*j - g, j - 43 = -4*g. Calculate the remainder when j is divided by 4.
3
Let k be (-8)/(-48) - 2/12 - -4. Suppose 2*a + 2 = 0, 0 = -0*n + 5*n + k*a - 131. What is the remainder when 133 is divided by n?
25
Let v = -136 - -240. Let m = v + -74. What is the remainder when 22 is divided by m/6*9/5?
4
Suppose -373 = 64*v - 5045. Suppose 0 = -3*u + 38 + 55. What is the remainder when v is divided by u?
11
Suppose 0 = -5*i - 5, -4*n + 91 = 4*i - 269. Suppose -2*h = -n - 121. Calculate the remainder when h is divided by 12.
10
Suppose 2868 - 3282 = -123*f + 3645. Suppose 10*i - 1164 = 4*i. What is the remainder when i is divided by f?
29
Let b = -214 + 218. Let c(k) = 84*k - 15. What is the remainder when c(b) is divided by 12?
9
Calculate the remainder when (4 - (-16656)/(-32))*-2 is divided by 65.
58
Let h(y) be the first derivative of -y**4/2 + 4*y**3/3 + 4*y**2 + 10*y + 44. What is the remainder when h(-3) is divided by (-4 - 2)/((-6)/16)?
12
Suppose -4827 = -10*s + 3273. Suppose 11*m - s = m. What is the remainder when 321 is divided by m?
78
Suppose -3*m = 3*f - 60, 67*m - 68*m - 4 = -3*f. Calculate the remainder when 2 - ((-1)/(-1) + -50) is divided by m.
9
Suppose 3*n = -0*n + 54. Let w(d) = d**3 + 6*d**2 - 6*d. Let s be w(4)